{"id":7539,"date":"2022-01-06T14:01:40","date_gmt":"2022-01-06T13:01:40","guid":{"rendered":"https:\/\/www.3d-skenovani.cz\/?page_id=7539"},"modified":"2025-12-22T14:04:43","modified_gmt":"2025-12-22T13:04:43","slug":"o-nas","status":"publish","type":"page","link":"https:\/\/www.3d-skenovanie.sk\/s\/o-nas\/","title":{"rendered":"O n\u00e1s a \u010do pon\u00fakame"},"content":{"rendered":"<p> V&nbsp;oblasti 3D skenovania a&nbsp;spracovania d\u00e1t p\u00f4sob\u00edme od roku 2005. Sme zohran\u00fd t\u00edm s&nbsp;mnohoro\u010dn\u00fdmi sk\u00fasenos\u0165ami a&nbsp;znalos\u0165ami 3D skenovania. Na\u0161e oddelenie 3DSCAN je s\u00fa\u010das\u0165ou spolo\u010dnosti SolidVision, s.r.o., ktor\u00e1 je popredn\u00fdm dod\u00e1vate\u013eom CAD softv\u00e9ru SOLIDWORKS a&nbsp;softv\u00e9ru na obr\u00e1banie SolidCAM. SolidVision, s.r.o., p\u00f4sob\u00ed na slovenskom trhu od roku 2002 a&nbsp;je v\u00fdhradn\u00fdm distrib\u00fatorom kanadsk\u00fdch 3D ru\u010dn\u00fdch skenerov zna\u010dky Creaform.<\/p>\n\n\n\n<h2 class=\"wp-block-heading has-text-align-left\">3DSCAN sa zaober\u00e1:<\/h2>\n\n\n\n<ul class=\"wp-block-list\">\n<li>Predajom <a data-type=\"page\" data-id=\"104\" href=\"https:\/\/www.3d-skenovanie.sk\/s\/skenery\/prenosne-3d-skenery\/\" target=\"_blank\" rel=\"noreferrer noopener\">3D skenerov<\/a>, <a data-type=\"page\" data-id=\"1516\" href=\"https:\/\/www.3d-skenovanie.sk\/s\/skenery\/ct-skenery\/\" target=\"_blank\" rel=\"noreferrer noopener\">CT skenerov<\/a> a&nbsp;<a href=\"https:\/\/www.3d-skenovanie.sk\/s\/software\/\" title=\"softv\u00e9rov\">softv\u00e9rov<\/a> na spracovanie d\u00e1t<\/li>\n\n\n\n<li><a data-type=\"page\" data-id=\"156\" href=\"https:\/\/www.3d-skenovanie.sk\/s\/sluzby\/\" target=\"_blank\" rel=\"noreferrer noopener\">Z\u00e1kazkov\u00fdm<\/a> skenovan\u00edm a&nbsp;spracovan\u00edm d\u00e1t<\/li>\n\n\n\n<li>Rie\u0161en\u00edm pre <a href=\"https:\/\/www.3d-skenovanie.sk\/s\/skenery\/roboticke-riesenia\/\" target=\"_blank\" rel=\"noopener\" title=\"\">automatizovan\u00fa kontrolu dielov<\/a> (AQC)<\/li>\n\n\n\n<li><a href=\"https:\/\/www.3d-skenovanie.sk\/s\/sluzby\/skolenia\/\" target=\"_blank\" rel=\"noopener\" title=\"\">\u0160kolen\u00edm<\/a> pre dod\u00e1van\u00fd hardv\u00e9r a softv\u00e9r<\/li>\n<\/ul>\n\n\n\n<hr class=\"wp-block-separator has-css-opacity is-style-wide\"\/>\n\n\n\n<div class=\"wp-block-group\"><div class=\"wp-block-group__inner-container is-layout-flow wp-block-group-is-layout-flow\">\n<div class=\"wp-block-columns is-layout-flex wp-container-core-columns-is-layout-1 wp-block-columns-is-layout-flex\">\n<div class=\"wp-block-column is-layout-flow wp-block-column-is-layout-flow\" style=\"flex-basis:33.33%\"><div class=\"wp-block-image is-resized\">\n<figure class=\"aligncenter size-large\"><img loading=\"lazy\" decoding=\"async\" width=\"1024\" height=\"576\" src=\"https:\/\/www.3d-skenovanie.sk\/wp-content\/uploads\/2022\/10\/vlcsnap-2022-10-27-12h20m36s761-1024x576.jpg\" alt=\"\" class=\"wp-image-8523\" srcset=\"https:\/\/www.3d-skenovanie.sk\/wp-content\/uploads\/2022\/10\/vlcsnap-2022-10-27-12h20m36s761-1024x576.jpg 1024w, https:\/\/www.3d-skenovanie.sk\/wp-content\/uploads\/2022\/10\/vlcsnap-2022-10-27-12h20m36s761-300x169.jpg 300w, https:\/\/www.3d-skenovanie.sk\/wp-content\/uploads\/2022\/10\/vlcsnap-2022-10-27-12h20m36s761-768x432.jpg 768w, https:\/\/www.3d-skenovanie.sk\/wp-content\/uploads\/2022\/10\/vlcsnap-2022-10-27-12h20m36s761-1536x864.jpg 1536w, https:\/\/www.3d-skenovanie.sk\/wp-content\/uploads\/2022\/10\/vlcsnap-2022-10-27-12h20m36s761-200x113.jpg 200w, https:\/\/www.3d-skenovanie.sk\/wp-content\/uploads\/2022\/10\/vlcsnap-2022-10-27-12h20m36s761-470x264.jpg 470w, https:\/\/www.3d-skenovanie.sk\/wp-content\/uploads\/2022\/10\/vlcsnap-2022-10-27-12h20m36s761-143x80.jpg 143w, https:\/\/www.3d-skenovanie.sk\/wp-content\/uploads\/2022\/10\/vlcsnap-2022-10-27-12h20m36s761-488x275.jpg 488w, https:\/\/www.3d-skenovanie.sk\/wp-content\/uploads\/2022\/10\/vlcsnap-2022-10-27-12h20m36s761-193x109.jpg 193w, https:\/\/www.3d-skenovanie.sk\/wp-content\/uploads\/2022\/10\/vlcsnap-2022-10-27-12h20m36s761-487x274.jpg 487w, https:\/\/www.3d-skenovanie.sk\/wp-content\/uploads\/2022\/10\/vlcsnap-2022-10-27-12h20m36s761-24x14.jpg 24w, https:\/\/www.3d-skenovanie.sk\/wp-content\/uploads\/2022\/10\/vlcsnap-2022-10-27-12h20m36s761-36x20.jpg 36w, https:\/\/www.3d-skenovanie.sk\/wp-content\/uploads\/2022\/10\/vlcsnap-2022-10-27-12h20m36s761-48x27.jpg 48w, https:\/\/www.3d-skenovanie.sk\/wp-content\/uploads\/2022\/10\/vlcsnap-2022-10-27-12h20m36s761.jpg 1920w\" sizes=\"(max-width: 1024px) 100vw, 1024px\" \/><\/figure><\/div><\/div>\n\n\n\n<div class=\"wp-block-column is-layout-flow wp-block-column-is-layout-flow\" style=\"flex-basis:66.66%\">\n<h2 class=\"wp-block-heading\">Predaj 3D skenerov, CT skenerov a&nbsp;softv\u00e9rov<\/h2>\n\n\n\n<p>V\u0161etky nami pon\u00fakan\u00e9 produkty m\u00e1me a&nbsp;plne ich ovl\u00e1dame. Sme v\u00e1m teda schopn\u00ed predvies\u0165 v\u00fdhody nami pon\u00fakan\u00fdch rie\u0161en\u00ed. Prevedenie praktickej prezent\u00e1cie priamo u&nbsp;z\u00e1kazn\u00edka je na\u0161im be\u017en\u00fdm \u0161tandardom. Radi v\u00e1m technol\u00f3gie predvedieme priamo na konkr\u00e9tnom diely, uk\u00e1\u017eeme tak cel\u00fd proces od skenovania a\u017e po&nbsp;spracovanie d\u00e1t do po\u017eadovanej podoby. Samozrejme, zodpovieme na v\u0161etky va\u0161e ot\u00e1zky.<\/p>\n\n\n\n<ul class=\"wp-block-list\">\n<li><a data-type=\"URL\" data-id=\"https:\/\/www.3d-skenovanie.sk\/skenery\/prenosne-3d-skenery\/\" href=\"https:\/\/www.3d-skenovanie.sk\/s\/skenery\/prenosne-3d-skenery\/\">Ru\u010dn\u00e9 3D skenery Creaform<\/a><\/li>\n\n\n\n<li><a href=\"https:\/\/www.3d-skenovanie.sk\/s\/skenery\/ct-skenery\/\" data-type=\"page\" data-id=\"1516\">CT skenery RX Solutions<\/a><\/li>\n<\/ul>\n<\/div>\n<\/div>\n<\/div><\/div>\n\n\n\n<hr class=\"wp-block-separator has-css-opacity is-style-wide\"\/>\n\n\n\n<div class=\"wp-block-group\"><div class=\"wp-block-group__inner-container is-layout-flow wp-block-group-is-layout-flow\">\n<div class=\"wp-block-columns is-layout-flex wp-container-core-columns-is-layout-2 wp-block-columns-is-layout-flex\">\n<div class=\"wp-block-column is-layout-flow wp-block-column-is-layout-flow\" style=\"flex-basis:33.33%\"><div class=\"wp-block-image is-resized\">\n<figure class=\"aligncenter size-large\"><img loading=\"lazy\" decoding=\"async\" width=\"800\" height=\"600\" src=\"https:\/\/www.3d-skenovanie.sk\/wp-content\/uploads\/2022\/01\/IMG_7642.png\" alt=\"\" class=\"wp-image-7553\" srcset=\"https:\/\/www.3d-skenovanie.sk\/wp-content\/uploads\/2022\/01\/IMG_7642.png 800w, https:\/\/www.3d-skenovanie.sk\/wp-content\/uploads\/2022\/01\/IMG_7642-300x225.png 300w, https:\/\/www.3d-skenovanie.sk\/wp-content\/uploads\/2022\/01\/IMG_7642-768x576.png 768w, https:\/\/www.3d-skenovanie.sk\/wp-content\/uploads\/2022\/01\/IMG_7642-171x128.png 171w, https:\/\/www.3d-skenovanie.sk\/wp-content\/uploads\/2022\/01\/IMG_7642-457x343.png 457w, https:\/\/www.3d-skenovanie.sk\/wp-content\/uploads\/2022\/01\/IMG_7642-143x107.png 143w, https:\/\/www.3d-skenovanie.sk\/wp-content\/uploads\/2022\/01\/IMG_7642-488x366.png 488w, https:\/\/www.3d-skenovanie.sk\/wp-content\/uploads\/2022\/01\/IMG_7642-193x145.png 193w, https:\/\/www.3d-skenovanie.sk\/wp-content\/uploads\/2022\/01\/IMG_7642-487x365.png 487w, https:\/\/www.3d-skenovanie.sk\/wp-content\/uploads\/2022\/01\/IMG_7642-24x18.png 24w, https:\/\/www.3d-skenovanie.sk\/wp-content\/uploads\/2022\/01\/IMG_7642-36x27.png 36w, https:\/\/www.3d-skenovanie.sk\/wp-content\/uploads\/2022\/01\/IMG_7642-48x36.png 48w\" sizes=\"(max-width: 800px) 100vw, 800px\" \/><\/figure><\/div><\/div>\n\n\n\n<div class=\"wp-block-column is-layout-flow wp-block-column-is-layout-flow\" style=\"flex-basis:66.66%\">\n<h2 class=\"wp-block-heading\">Zak\u00e1zkov\u00e9 3D\/CT skenovanie, spracovanie d\u00e1t<\/h2>\n\n\n\n<p>Cie\u013eom na\u0161ej firmy je neust\u00e1le roz\u0161irovanie pon\u00fakan\u00fdch produktov a&nbsp;slu\u017eieb. Neust\u00e1le inovujeme na\u0161e vybavenie a&nbsp;m\u00f4\u017eeme teda pon\u00faknu\u0165 vyu\u017eitie \u0161pi\u010dkov\u00fdch technol\u00f3gi\u00ed. Ak patr\u00edte medzi firmy, ktor\u00e9 tieto technol\u00f3gie vyu\u017eij\u00fa len ob\u010das, pon\u00fakame v\u00e1m mo\u017enos\u0165 spolupracova\u0165 formou slu\u017eby, a&nbsp;dosiahnu\u0165 tak profesion\u00e1lne v\u00fdsledky bez nutnosti obstarania zariadenia. Radi pre v\u00e1s priprav\u00edme nez\u00e1v\u00e4zn\u00fa cenov\u00fa ponuku.<\/p>\n\n\n\n\n\n<ul class=\"wp-block-list\">\n<li><a data-type=\"page\" data-id=\"156\" href=\"https:\/\/www.3d-skenovanie.sk\/s\/sluzby\/\">Mo\u017enosti slu\u017eieb<\/a><\/li>\n\n\n\n<li><a href=\"https:\/\/www.3d-skenovanie.sk\/s\/kontakt\/kontaktny-formular\/\" title=\"\">Kontaktujte n\u00e1s<\/a><\/li>\n<\/ul>\n<\/div>\n<\/div>\n<\/div><\/div>\n\n\n\n<hr class=\"wp-block-separator has-css-opacity is-style-wide\"\/>\n\n\n\n<div class=\"wp-block-group\"><div class=\"wp-block-group__inner-container is-layout-flow wp-block-group-is-layout-flow\">\n<div class=\"wp-block-columns is-layout-flex wp-container-core-columns-is-layout-3 wp-block-columns-is-layout-flex\">\n<div class=\"wp-block-column is-layout-flow wp-block-column-is-layout-flow\" style=\"flex-basis:33.33%\"><div class=\"wp-block-image\">\n<figure class=\"aligncenter size-large\"><img loading=\"lazy\" decoding=\"async\" width=\"1024\" height=\"683\" src=\"https:\/\/www.3d-skenovanie.sk\/wp-content\/uploads\/2018\/07\/CUBE-R_Inside_View-1024x683.jpg\" alt=\"\" class=\"wp-image-2950\" srcset=\"https:\/\/www.3d-skenovanie.sk\/wp-content\/uploads\/2018\/07\/CUBE-R_Inside_View.jpg 1024w, https:\/\/www.3d-skenovanie.sk\/wp-content\/uploads\/2018\/07\/CUBE-R_Inside_View-300x200.jpg 300w, https:\/\/www.3d-skenovanie.sk\/wp-content\/uploads\/2018\/07\/CUBE-R_Inside_View-768x512.jpg 768w, https:\/\/www.3d-skenovanie.sk\/wp-content\/uploads\/2018\/07\/CUBE-R_Inside_View-192x128.jpg 192w, https:\/\/www.3d-skenovanie.sk\/wp-content\/uploads\/2018\/07\/CUBE-R_Inside_View-470x313.jpg 470w, https:\/\/www.3d-skenovanie.sk\/wp-content\/uploads\/2018\/07\/CUBE-R_Inside_View-143x95.jpg 143w, https:\/\/www.3d-skenovanie.sk\/wp-content\/uploads\/2018\/07\/CUBE-R_Inside_View-488x325.jpg 488w, https:\/\/www.3d-skenovanie.sk\/wp-content\/uploads\/2018\/07\/CUBE-R_Inside_View-193x129.jpg 193w, https:\/\/www.3d-skenovanie.sk\/wp-content\/uploads\/2018\/07\/CUBE-R_Inside_View-487x325.jpg 487w\" sizes=\"(max-width: 1024px) 100vw, 1024px\" \/><\/figure><\/div><\/div>\n\n\n\n<div class=\"wp-block-column is-layout-flow wp-block-column-is-layout-flow\" style=\"flex-basis:66.66%\">\n<h2 class=\"wp-block-heading\">Automatizovan\u00e9 pracovisko na kontrolu dielov<\/h2>\n\n\n\n<p>Robotick\u00e9 3D skenovanie umo\u017e\u0148uje vykon\u00e1va\u0165 nepretr\u017eit\u00e9 skenovanie po\u017eadovan\u00fdch dielov bez z\u00e1sahu oper\u00e1tora. Pon\u00fakame ako pracovisko na k\u013e\u00fa\u010d, tak aj otvoren\u00e9 rie\u0161enie s mo\u017enos\u0165ou vlastn\u00e9ho prisp\u00f4sobenia. Po\u017eiadavky na kvalitu dielov s\u00fa st\u00e1le vy\u0161\u0161ie a je nutn\u00e9 reagova\u0165 aj na nedostatok kvalifikovan\u00fdch zamestnancov. Pom\u00f4\u017eeme v\u00e1m n\u00e1js\u0165 to spr\u00e1vne rie\u0161enie na rozmerov\u00fa kontrolu va\u0161ich v\u00fdrobkov.<\/p>\n\n\n\n<ul class=\"wp-block-list\">\n<li><a href=\"https:\/\/www.3d-skenovanie.sk\/s\/skenery\/roboticke-riesenia\/\" title=\"\">Automatizovan\u00e9 pracovisko pre rozmerov\u00fa kontrolu v\u00fdrobkov<\/a><\/li>\n<\/ul>\n\n\n<\/div>\n<\/div>\n<\/div><\/div>\n\n\n\n<hr class=\"wp-block-separator has-css-opacity is-style-wide\"\/>\n\n\n\n<h2 class=\"wp-block-heading\">Kontaktujte n\u00e1s pomocou <a href=\"https:\/\/www.3d-skenovanie.sk\/s\/kontaktny-formular\/\" title=\"\">kontaktn\u00e9ho formul\u00e1ra<\/a>.<\/h2>\n\n\n\n<p class=\"has-text-align-center\">V\u0161etky kontakty n\u00e1jdete <a href=\"https:\/\/www.3d-skenovanie.sk\/s\/kontakt\/\" title=\"\">tu<\/a>. S\u00eddlime v&nbsp;Brne, v&nbsp;Prahe a&nbsp;v&nbsp;Trnave.<\/p>\n\n\n\n<hr class=\"wp-block-separator has-css-opacity is-style-wide\"\/>\n\n\n\n<div class=\"wp-block-group\"><div class=\"wp-block-group__inner-container is-layout-flow wp-block-group-is-layout-flow\">\n<div class=\"wp-block-columns is-layout-flex wp-container-core-columns-is-layout-4 wp-block-columns-is-layout-flex\">\n<div class=\"wp-block-column is-layout-flow wp-block-column-is-layout-flow\"><div class=\"wp-block-image\">\n<figure class=\"aligncenter size-large\"><a href=\"https:\/\/www.youtube.com\/user\/3Dskenovani\" target=\"_blank\" rel=\"noopener\"><img loading=\"lazy\" decoding=\"async\" width=\"200\" height=\"150\" src=\"https:\/\/www.3d-skenovanie.sk\/wp-content\/uploads\/2022\/01\/Youtube_tlacitko.jpg\" alt=\"\" class=\"wp-image-7564\" srcset=\"https:\/\/www.3d-skenovanie.sk\/wp-content\/uploads\/2022\/01\/Youtube_tlacitko.jpg 200w, https:\/\/www.3d-skenovanie.sk\/wp-content\/uploads\/2022\/01\/Youtube_tlacitko-171x128.jpg 171w, https:\/\/www.3d-skenovanie.sk\/wp-content\/uploads\/2022\/01\/Youtube_tlacitko-143x107.jpg 143w, https:\/\/www.3d-skenovanie.sk\/wp-content\/uploads\/2022\/01\/Youtube_tlacitko-193x145.jpg 193w, https:\/\/www.3d-skenovanie.sk\/wp-content\/uploads\/2022\/01\/Youtube_tlacitko-24x18.jpg 24w, https:\/\/www.3d-skenovanie.sk\/wp-content\/uploads\/2022\/01\/Youtube_tlacitko-36x27.jpg 36w, https:\/\/www.3d-skenovanie.sk\/wp-content\/uploads\/2022\/01\/Youtube_tlacitko-48x36.jpg 48w\" sizes=\"(max-width: 200px) 100vw, 200px\" \/><\/a><\/figure><\/div><\/div>\n\n\n\n<div class=\"wp-block-column is-layout-flow wp-block-column-is-layout-flow\"><div class=\"wp-block-image\">\n<figure class=\"aligncenter size-large\"><a href=\"https:\/\/www.linkedin.com\/company\/3dskenovani\/\" target=\"_blank\" rel=\"noopener\"><img loading=\"lazy\" decoding=\"async\" width=\"200\" height=\"150\" src=\"https:\/\/www.3d-skenovanie.sk\/wp-content\/uploads\/2022\/01\/Linkedin-logo.jpg\" alt=\"\" class=\"wp-image-7567\" srcset=\"https:\/\/www.3d-skenovanie.sk\/wp-content\/uploads\/2022\/01\/Linkedin-logo.jpg 200w, https:\/\/www.3d-skenovanie.sk\/wp-content\/uploads\/2022\/01\/Linkedin-logo-171x128.jpg 171w, https:\/\/www.3d-skenovanie.sk\/wp-content\/uploads\/2022\/01\/Linkedin-logo-143x107.jpg 143w, https:\/\/www.3d-skenovanie.sk\/wp-content\/uploads\/2022\/01\/Linkedin-logo-193x145.jpg 193w, https:\/\/www.3d-skenovanie.sk\/wp-content\/uploads\/2022\/01\/Linkedin-logo-24x18.jpg 24w, https:\/\/www.3d-skenovanie.sk\/wp-content\/uploads\/2022\/01\/Linkedin-logo-36x27.jpg 36w, https:\/\/www.3d-skenovanie.sk\/wp-content\/uploads\/2022\/01\/Linkedin-logo-48x36.jpg 48w\" sizes=\"(max-width: 200px) 100vw, 200px\" \/><\/a><\/figure><\/div><\/div>\n\n\n\n<div class=\"wp-block-column is-layout-flow wp-block-column-is-layout-flow\"><div class=\"wp-block-image\">\n<figure class=\"aligncenter size-large\"><a href=\"https:\/\/www.facebook.com\/3dskenovani\" target=\"_blank\" rel=\"noopener\"><img loading=\"lazy\" decoding=\"async\" width=\"200\" height=\"150\" src=\"https:\/\/www.3d-skenovanie.sk\/wp-content\/uploads\/2022\/01\/facebook-logo.jpg\" alt=\"\" class=\"wp-image-7568\" srcset=\"https:\/\/www.3d-skenovanie.sk\/wp-content\/uploads\/2022\/01\/facebook-logo.jpg 200w, https:\/\/www.3d-skenovanie.sk\/wp-content\/uploads\/2022\/01\/facebook-logo-171x128.jpg 171w, https:\/\/www.3d-skenovanie.sk\/wp-content\/uploads\/2022\/01\/facebook-logo-143x107.jpg 143w, https:\/\/www.3d-skenovanie.sk\/wp-content\/uploads\/2022\/01\/facebook-logo-193x145.jpg 193w, https:\/\/www.3d-skenovanie.sk\/wp-content\/uploads\/2022\/01\/facebook-logo-24x18.jpg 24w, https:\/\/www.3d-skenovanie.sk\/wp-content\/uploads\/2022\/01\/facebook-logo-36x27.jpg 36w, https:\/\/www.3d-skenovanie.sk\/wp-content\/uploads\/2022\/01\/facebook-logo-48x36.jpg 48w\" sizes=\"(max-width: 200px) 100vw, 200px\" \/><\/a><\/figure><\/div><\/div>\n<\/div>\n<\/div><\/div>","protected":false},"excerpt":{"rendered":"<p>V&nbsp;oblasti 3D skenovania a&nbsp;spracovania d\u00e1t p\u00f4sob\u00edme od roku 2005. Sme zohran\u00fd t\u00edm s&nbsp;mnohoro\u010dn\u00fdmi sk\u00fasenos\u0165ami a&nbsp;znalos\u0165ami 3D skenovania. Na\u0161e oddelenie 3DSCAN je s\u00fa\u010das\u0165ou spolo\u010dnosti SolidVision, s.r.o., ktor\u00e1 je popredn\u00fdm dod\u00e1vate\u013eom CAD softv\u00e9ru SOLIDWORKS a&nbsp;softv\u00e9ru na obr\u00e1banie SolidCAM. SolidVision, s.r.o., p\u00f4sob\u00ed na slovenskom trhu od roku 2002 a&nbsp;je v\u00fdhradn\u00fdm distrib\u00fatorom kanadsk\u00fdch 3D ru\u010dn\u00fdch skenerov zna\u010dky Creaform. 3DSCAN [&hellip;]<\/p>","protected":false},"author":2,"featured_media":0,"parent":0,"menu_order":5,"comment_status":"closed","ping_status":"closed","template":"page-templates\/kontakt-polozky-page.php","meta":{"_acf_changed":false,"footnotes":""},"filter_oblast":[],"filter_velikost_dilu":[],"filter_aplikace":[],"class_list":["post-7539","page","type-page","status-publish","hentry"],"acf":[],"aioseo_notices":[],"_links":{"self":[{"href":"https:\/\/www.3d-skenovanie.sk\/s\/wp-json\/wp\/v2\/pages\/7539"}],"collection":[{"href":"https:\/\/www.3d-skenovanie.sk\/s\/wp-json\/wp\/v2\/pages"}],"about":[{"href":"https:\/\/www.3d-skenovanie.sk\/s\/wp-json\/wp\/v2\/types\/page"}],"author":[{"embeddable":true,"href":"https:\/\/www.3d-skenovanie.sk\/s\/wp-json\/wp\/v2\/users\/2"}],"replies":[{"embeddable":true,"href":"https:\/\/www.3d-skenovanie.sk\/s\/wp-json\/wp\/v2\/comments?post=7539"}],"version-history":[{"count":5,"href":"https:\/\/www.3d-skenovanie.sk\/s\/wp-json\/wp\/v2\/pages\/7539\/revisions"}],"predecessor-version":[{"id":11629,"href":"https:\/\/www.3d-skenovanie.sk\/s\/wp-json\/wp\/v2\/pages\/7539\/revisions\/11629"}],"wp:attachment":[{"href":"https:\/\/www.3d-skenovanie.sk\/s\/wp-json\/wp\/v2\/media?parent=7539"}],"wp:term":[{"taxonomy":"filter_oblast","embeddable":true,"href":"https:\/\/www.3d-skenovanie.sk\/s\/wp-json\/wp\/v2\/filter_oblast?post=7539"},{"taxonomy":"filter_velikost_dilu","embeddable":true,"href":"https:\/\/www.3d-skenovanie.sk\/s\/wp-json\/wp\/v2\/filter_velikost_dilu?post=7539"},{"taxonomy":"filter_aplikace","embeddable":true,"href":"https:\/\/www.3d-skenovanie.sk\/s\/wp-json\/wp\/v2\/filter_aplikace?post=7539"}],"curies":[{"name":"wp","href":"https:\/\/api.w.org\/{rel}","templated":true}]}}