{"id":4676,"date":"2020-03-20T16:32:41","date_gmt":"2020-03-20T15:32:41","guid":{"rendered":"http:\/\/www.3d-skenovani.cz\/?page_id=4676"},"modified":"2025-11-07T22:44:56","modified_gmt":"2025-11-07T21:44:56","slug":"spracovanie-osobnych-udajov","status":"publish","type":"page","link":"https:\/\/www.3d-skenovanie.sk\/s\/spracovanie-osobnych-udajov\/","title":{"rendered":"Spracovanie osobn\u00fdch \u00fadajov"},"content":{"rendered":"<p><strong>I. Z\u00e1kladn\u00e9 ustanovenia<\/strong><\/p>\n\n\n\n<ol start=\"1\" class=\"wp-block-list\">\n<li>Spr\u00e1vcom osobn\u00fdch \u00fadajov pod\u013ea \u010dl\u00e1nku 4 bod 7 nariadenia Eur\u00f3pskeho parlamentu a Rady (E\u00da) 2016\/679 o ochrane fyzick\u00fdch os\u00f4b v s\u00favislosti so spracovan\u00edm osobn\u00fdch \u00fadajov a o vo\u013enom pohybe t\u00fdchto \u00fadajov (\u010falej len: \u201eGDPR\u201d) je SolidVision, sro I\u010cO 26280442 so s\u00eddlom \u010cechy\u0148sk\u00e1 560\/00 \u201espr\u00e1vca\u201c).<\/li>\n<\/ol>\n\n\n\n<p>Kontaktn\u00e9 \u00fadaje spr\u00e1vcu s\u00fa:<\/p>\n\n\n\n<p>&nbsp;&nbsp;&nbsp;&nbsp;&nbsp;&nbsp;&nbsp; &nbsp;&nbsp; adresa: \u010cechy\u0148sk\u00e1 547\/5 , 602 00 Brno<\/p>\n\n\n\n<p>&nbsp;&nbsp;&nbsp;&nbsp;&nbsp;&nbsp;&nbsp; &nbsp;&nbsp; email: 3dscan@solidvision.cz<\/p>\n\n\n\n<ul class=\"wp-block-list\">\n<li>Osobn\u00fdmi \u00fadajmi sa rozumej\u00fa v\u0161etky inform\u00e1cie o identifikovanej alebo identifikovate\u013enej fyzickej osobe; identifikovate\u013enou fyzickou osobou je fyzick\u00e1 osoba, ktor\u00fa mo\u017eno priamo alebo nepriamo identifikova\u0165, najm\u00e4 odkazom na ur\u010dit\u00fd identifik\u00e1tor, napr\u00edklad meno, identifika\u010dn\u00e9 \u010d\u00edslo, loka\u010dn\u00e9 \u00fadaje, sie\u0165ov\u00fd identifik\u00e1tor alebo na jeden alebo viac osobitn\u00fdch prvkov fyzickej, fyziologickej, genetickej, psychickej, ekonomickej, kult\u00farnej alebo spolo\u010denskej identity tejto fyzickej osoby.<\/li>\n\n\n\n<li>Spr\u00e1vca nemenoval poverencov na ochranu osobn\u00fdch \u00fadajov.<\/li>\n<\/ul>\n\n\n\n<p><strong>II. Zdroje a kateg\u00f3rie spracov\u00e1van\u00fdch osobn\u00fdch \u00fadajov<\/strong><\/p>\n\n\n\n<ol start=\"1\" class=\"wp-block-list\">\n<li>Spr\u00e1vca spracov\u00e1va osobn\u00e9 \u00fadaje, ktor\u00e9 ste mu poskytol\/a alebo osobn\u00e9 \u00fadaje, ktor\u00e9 spr\u00e1vca z\u00edskal na z\u00e1klade plnenia Va\u0161ej objedn\u00e1vky.<\/li>\n\n\n\n<li>Spr\u00e1vca spracov\u00e1va Va\u0161e identifika\u010dn\u00e9 a kontaktn\u00e9 \u00fadaje a \u00fadaje nevyhnutn\u00e9 na plnenie zmluvy.<\/li>\n<\/ol>\n\n\n\n<p><strong>III. Z\u00e1konn\u00fd d\u00f4vod a \u00fa\u010del spracovania osobn\u00fdch \u00fadajov<\/strong><\/p>\n\n\n\n<p>Z\u00e1konn\u00fdm d\u00f4vodom spracovania osobn\u00fdch \u00fadajov je<\/p>\n\n\n\n<ol start=\"1\" class=\"wp-block-list\">\n<li>plnenie zmluvy medzi Vami a spr\u00e1vcom pod\u013ea \u010dl\u00e1nku 6 ods. 1 p\u00edsm. b) GDPR,<\/li>\n\n\n\n<li>opr\u00e1vnen\u00fd z\u00e1ujem spr\u00e1vcu na poskytovan\u00ed priameho marketingu (najm\u00e4 na zasielanie obchodn\u00fdch ozn\u00e1men\u00ed a newsletterov) pod\u013ea \u010dl\u00e1nku 6 ods. 1 p\u00edsm. f) GDPR,<\/li>\n\n\n\n<li>V\u00e1\u0161 s\u00fahlas so spracovan\u00edm na \u00fa\u010dely poskytovania priameho marketingu (najm\u00e4 na zasielanie obchodn\u00fdch ozn\u00e1men\u00ed a newsletterov) pod\u013ea \u010dl\u00e1nku 6 ods. 1 p\u00edsm. a) GDPR v spojen\u00ed s \u00a7 7 ods. 2 z\u00e1kona \u010d. 480\/2004 Zb. o niektor\u00fdch slu\u017eb\u00e1ch informa\u010dnej spolo\u010dnosti v pr\u00edpade, \u017ee nedo\u0161lo k objedn\u00e1vke tovaru alebo slu\u017eby.<\/li>\n\n\n\n<li>\u00da\u010delom spracovania osobn\u00fdch \u00fadajov je<\/li>\n\n\n\n<li>vybavenie Va\u0161ej objedn\u00e1vky a v\u00fdkon pr\u00e1v a povinnost\u00ed vypl\u00fdvaj\u00facich zo zmluvn\u00e9ho vz\u0165ahu medzi Vami a spr\u00e1vcom; pri objedn\u00e1vke s\u00fa vy\u017eadovan\u00e9 osobn\u00e9 \u00fadaje, ktor\u00e9 s\u00fa nutn\u00e9 pre \u00faspe\u0161n\u00e9 vybavenie objedn\u00e1vky (meno a adresa, kontakt), poskytnutie osobn\u00fdch \u00fadajov je nutnou po\u017eiadavkou pre uzavretie a plnenie zmluvy, bez poskytnutia osobn\u00fdch \u00fadajov nie je mo\u017en\u00e9 zmluvu uzavrie\u0165 alebo ju zo strany spr\u00e1vcu plni\u0165,<\/li>\n\n\n\n<li>zasielanie obchodn\u00fdch ozn\u00e1men\u00ed a \u010dinenia \u010fal\u0161\u00edch marketingov\u00fdch aktiv\u00edt.<\/li>\n\n\n\n<li>Zo strany spr\u00e1vcu nedoch\u00e1dza k automatick\u00e9mu individu\u00e1lnemu rozhodovaniu v zmysle \u010dl. 22 GDPR. S tak\u00fdmto spracovan\u00edm ste poskytli svoj v\u00fdslovn\u00fd s\u00fahlas.<\/li>\n<\/ol>\n\n\n\n<p><strong>IV. \u010cas uchov\u00e1vania \u00fadajov<\/strong><\/p>\n\n\n\n<p>Spr\u00e1vca uchov\u00e1va osobn\u00e9 \u00fadaje<\/p>\n\n\n\n<ol start=\"1\" class=\"wp-block-list\">\n<li>po dobu nevyhnutn\u00fa na v\u00fdkon pr\u00e1v a povinnost\u00ed vypl\u00fdvaj\u00facich zo zmluvn\u00e9ho vz\u0165ahu medzi Vami a spr\u00e1vcom a uplat\u0148ovanie n\u00e1rokov z t\u00fdchto zmluvn\u00fdch vz\u0165ahov (po dobu 15 rokov od ukon\u010denia zmluvn\u00e9ho vz\u0165ahu).<\/li>\n\n\n\n<li>po dobu, ne\u017e je odvolan\u00fd s\u00fahlas so spracovan\u00edm osobn\u00fdch \u00fadajov na \u00fa\u010dely marketingu, najdlh\u0161ie dvoch rokov, ak s\u00fa osobn\u00e9 \u00fadaje spracov\u00e1van\u00e9 na z\u00e1klade s\u00fahlasu.<\/li>\n\n\n\n<li>Po uplynut\u00ed doby uchov\u00e1vania osobn\u00fdch \u00fadajov spr\u00e1vca osobn\u00e9 \u00fadaje vyma\u017ee.<\/li>\n<\/ol>\n\n\n\n<p><strong>V. Pr\u00edjemcovia osobn\u00fdch \u00fadajov (subdod\u00e1vatelia spr\u00e1vcu)<\/strong><\/p>\n\n\n\n<p>Pr\u00edjemcami osobn\u00fdch \u00fadajov s\u00fa osoby<\/p>\n\n\n\n<ol start=\"1\" class=\"wp-block-list\">\n<li>podie\u013eaj\u00face sa na dodan\u00ed tovaru \/ slu\u017eieb \/ realiz\u00e1cii platieb na z\u00e1klade zmluvy,<\/li>\n\n\n\n<li>podie\u013eaj\u00face sa na zabezpe\u010den\u00ed prev\u00e1dzky slu\u017eieb,<\/li>\n\n\n\n<li>zais\u0165uj\u00face marketingov\u00e9 slu\u017eby.<\/li>\n\n\n\n<li>Spr\u00e1vca nem\u00e1 v \u00famysle odovzda\u0165 osobn\u00e9 \u00fadaje do tretej krajiny (do krajiny mimo E\u00da) alebo medzin\u00e1rodnej organiz\u00e1cii. Pr\u00edjemcami osobn\u00fdch \u00fadajov v tret\u00edch krajin\u00e1ch s\u00fa poskytovatelia mailingov\u00fdch slu\u017eieb\/cloudov\u00fdch slu\u017eieb.<\/li>\n<\/ol>\n\n\n\n<p><strong>VI. Va\u0161e pr\u00e1va<\/strong><\/p>\n\n\n\n<p>Za podmienok stanoven\u00fdch v GDPR m\u00e1te<\/p>\n\n\n\n<ol start=\"1\" class=\"wp-block-list\">\n<li>pr\u00e1vo na pr\u00edstup k svojim osobn\u00fdm \u00fadajom pod\u013ea \u010dl. 15 GDPR,<\/li>\n\n\n\n<li>pr\u00e1vo opravu osobn\u00fdch \u00fadajov pod\u013ea \u010dl. 16 GDPR, pr\u00edpadne obmedzenie spracovania pod\u013ea \u010dl. 18 GDPR.<\/li>\n\n\n\n<li>pr\u00e1vo na v\u00fdmaz osobn\u00fdch \u00fadajov pod\u013ea \u010dl. 17 GDPR.<\/li>\n\n\n\n<li>pr\u00e1vo vznies\u0165 n\u00e1mietku proti spracovaniu pod\u013ea \u010dl. 21 GDPR a<\/li>\n\n\n\n<li>pr\u00e1vo na prenosite\u013enos\u0165 \u00fadajov pod\u013ea \u010dl. 20 GDPR.<\/li>\n\n\n\n<li>pr\u00e1vo odvola\u0165 s\u00fahlas so spracovan\u00edm p\u00edsomne alebo elektronicky na adresu alebo email spr\u00e1vcu uveden\u00fd v \u010dl. III t\u00fdchto podmienok.<\/li>\n\n\n\n<li>\u010ealej m\u00e1te pr\u00e1vo poda\u0165 s\u0165a\u017enos\u0165 na \u00darade pre ochranu osobn\u00fdch \u00fadajov v pr\u00edpade, \u017ee sa domnievate, \u017ee bolo poru\u0161en\u00e9 Va\u0161e pr\u00e1vo na ochranu osobn\u00fdch \u00fadajov.<\/li>\n<\/ol>\n\n\n\n<p><strong>VII. Podmienky zabezpe\u010denia osobn\u00fdch \u00fadajov<\/strong><\/p>\n\n\n\n<ol start=\"1\" class=\"wp-block-list\">\n<li>Spr\u00e1vca vyhlasuje, \u017ee prijal v\u0161etky vhodn\u00e9 technick\u00e9 a organiza\u010dn\u00e9 opatrenia na zabezpe\u010denie osobn\u00fdch \u00fadajov.<\/li>\n\n\n\n<li>Spr\u00e1vca prijal technick\u00e9 opatrenia na zabezpe\u010denie d\u00e1tov\u00fdch \u00falo\u017e\u00edsk a \u00falo\u017e\u00edsk osobn\u00fdch \u00fadajov v listinnej podobe.<\/li>\n\n\n\n<li>Spr\u00e1vca vyhlasuje, \u017ee k osobn\u00fdm \u00fadajom maj\u00fa pr\u00edstup iba n\u00edm poveren\u00e9 osoby.<\/li>\n<\/ol>\n\n\n\n<p><strong>VIII. Z\u00e1vere\u010dn\u00e9 ustanovenia<\/strong><\/p>\n\n\n\n<ol start=\"1\" class=\"wp-block-list\">\n<li>Odoslan\u00edm objedn\u00e1vky z internetov\u00e9ho objedn\u00e1vkov\u00e9ho formul\u00e1ra potvrdzujete, \u017ee ste obozn\u00e1men\u00fd\/\u00e1 s podmienkami ochrany osobn\u00fdch \u00fadajov a \u017ee ich v celom rozsahu prij\u00edmate.<\/li>\n\n\n\n<li>S t\u00fdmito podmienkami s\u00fahlas\u00edte za\u0161krtnut\u00edm s\u00fahlasu prostredn\u00edctvom internetov\u00e9ho formul\u00e1ra. Za\u0161krtnut\u00edm s\u00fahlasu potvrdzujete, \u017ee ste obozn\u00e1men\u00fd\/\u00e1 s podmienkami ochrany osobn\u00fdch \u00fadajov a \u017ee ich v celom rozsahu prij\u00edmate.<\/li>\n\n\n\n<li>Spr\u00e1vca je opr\u00e1vnen\u00fd tieto podmienky zmeni\u0165. Nov\u00fa verziu podmienok ochrany osobn\u00fdch \u00fadajov zverejn\u00ed na svojich internetov\u00fdch str\u00e1nkach, pr\u00edpadne V\u00e1m za\u0161le nov\u00fa verziu t\u00fdchto podmienok na e-mailov\u00fa adresu, ktor\u00fa ste spr\u00e1vcovi poskytol\/a.<\/li>\n<\/ol>","protected":false},"excerpt":{"rendered":"<p>I. Z\u00e1kladn\u00ed ustanoven\u00ed Kontaktn\u00ed \u00fadaje spr\u00e1vce jsou: &nbsp;&nbsp;&nbsp;&nbsp;&nbsp;&nbsp;&nbsp; &nbsp;&nbsp; adresa: \u010cechy\u0148sk\u00e1 547\/5\u2028, 602&nbsp;00 Brno &nbsp;&nbsp;&nbsp;&nbsp;&nbsp;&nbsp;&nbsp; &nbsp;&nbsp; email: 3dscan@solidvision.cz II. Zdroje a&nbsp;kategorie zpracov\u00e1van\u00fdch osobn\u00edch \u00fadaj\u016f III. Z\u00e1konn\u00fd d\u016fvod a&nbsp;\u00fa\u010del zpracov\u00e1n\u00ed osobn\u00edch \u00fadaj\u016f Z\u00e1konn\u00fdm d\u016fvodem zpracov\u00e1n\u00ed osobn\u00edch \u00fadaj\u016f je IV. Doba uchov\u00e1v\u00e1n\u00ed \u00fadaj\u016f Spr\u00e1vce uchov\u00e1v\u00e1 osobn\u00ed \u00fadaje V. P\u0159\u00edjemci osobn\u00edch \u00fadaj\u016f (subdodavatel\u00e9 spr\u00e1vce) P\u0159\u00edjemci osobn\u00edch \u00fadaj\u016f jsou [&hellip;]<\/p>","protected":false},"author":2,"featured_media":0,"parent":0,"menu_order":0,"comment_status":"closed","ping_status":"closed","template":"","meta":{"_acf_changed":false,"footnotes":""},"filter_oblast":[],"filter_velikost_dilu":[],"filter_aplikace":[],"class_list":["post-4676","page","type-page","status-publish","hentry"],"acf":[],"aioseo_notices":[],"_links":{"self":[{"href":"https:\/\/www.3d-skenovanie.sk\/s\/wp-json\/wp\/v2\/pages\/4676"}],"collection":[{"href":"https:\/\/www.3d-skenovanie.sk\/s\/wp-json\/wp\/v2\/pages"}],"about":[{"href":"https:\/\/www.3d-skenovanie.sk\/s\/wp-json\/wp\/v2\/types\/page"}],"author":[{"embeddable":true,"href":"https:\/\/www.3d-skenovanie.sk\/s\/wp-json\/wp\/v2\/users\/2"}],"replies":[{"embeddable":true,"href":"https:\/\/www.3d-skenovanie.sk\/s\/wp-json\/wp\/v2\/comments?post=4676"}],"version-history":[{"count":5,"href":"https:\/\/www.3d-skenovanie.sk\/s\/wp-json\/wp\/v2\/pages\/4676\/revisions"}],"predecessor-version":[{"id":11458,"href":"https:\/\/www.3d-skenovanie.sk\/s\/wp-json\/wp\/v2\/pages\/4676\/revisions\/11458"}],"wp:attachment":[{"href":"https:\/\/www.3d-skenovanie.sk\/s\/wp-json\/wp\/v2\/media?parent=4676"}],"wp:term":[{"taxonomy":"filter_oblast","embeddable":true,"href":"https:\/\/www.3d-skenovanie.sk\/s\/wp-json\/wp\/v2\/filter_oblast?post=4676"},{"taxonomy":"filter_velikost_dilu","embeddable":true,"href":"https:\/\/www.3d-skenovanie.sk\/s\/wp-json\/wp\/v2\/filter_velikost_dilu?post=4676"},{"taxonomy":"filter_aplikace","embeddable":true,"href":"https:\/\/www.3d-skenovanie.sk\/s\/wp-json\/wp\/v2\/filter_aplikace?post=4676"}],"curies":[{"name":"wp","href":"https:\/\/api.w.org\/{rel}","templated":true}]}}