{"id":4473,"date":"2020-03-13T09:43:42","date_gmt":"2020-03-13T08:43:42","guid":{"rendered":"http:\/\/www.3d-skenovani.cz\/?page_id=4473"},"modified":"2025-12-22T14:51:46","modified_gmt":"2025-12-22T13:51:46","slug":"zakaznicka-sekcia","status":"publish","type":"page","link":"https:\/\/www.3d-skenovanie.sk\/s\/zakaznicka-sekcia\/","title":{"rendered":"Z\u00e1kazn\u00edcka sekcia"},"content":{"rendered":"<p>Vitajte na str\u00e1nkach technickej podpory firmy SolidVision, s.r.o. oddelenie 3DSCAN. Na t\u00fdchto str\u00e1nkach n\u00e1jdete d\u00f4le\u017eit\u00e9 dokumenty a&nbsp;manu\u00e1ly k&nbsp;zak\u00fapen\u00e9mu hardv\u00e9ru a&nbsp;softv\u00e9ru. \u00a0V pr\u00edpade potreby n\u00e1s nev\u00e1hajte kontaktova\u0165 na na <a href=\"mailto:hotline.3dscan@solidvision.cz\">hotline.3dscan@solidvision.cz<\/a> alebo <a href=\"tel:+420 731 080 000\">+420 731 080 000<\/a>.<\/p>","protected":false},"excerpt":{"rendered":"<p>Vitajte na str\u00e1nkach technickej podpory firmy SolidVision, s.r.o. oddelenie 3DSCAN. Na t\u00fdchto str\u00e1nkach n\u00e1jdete d\u00f4le\u017eit\u00e9 dokumenty a&nbsp;manu\u00e1ly k&nbsp;zak\u00fapen\u00e9mu hardv\u00e9ru a&nbsp;softv\u00e9ru. \u00a0V pr\u00edpade potreby n\u00e1s nev\u00e1hajte kontaktova\u0165 na na hotline.3dscan@solidvision.cz alebo +420&nbsp;731&nbsp;080&nbsp;000.<\/p>","protected":false},"author":7,"featured_media":0,"parent":0,"menu_order":0,"comment_status":"closed","ping_status":"closed","template":"page-templates\/rozcestnik-page.php","meta":{"_acf_changed":false,"footnotes":""},"filter_oblast":[],"filter_velikost_dilu":[],"filter_aplikace":[],"class_list":["post-4473","page","type-page","status-publish","hentry"],"acf":[],"aioseo_notices":[],"_links":{"self":[{"href":"https:\/\/www.3d-skenovanie.sk\/s\/wp-json\/wp\/v2\/pages\/4473"}],"collection":[{"href":"https:\/\/www.3d-skenovanie.sk\/s\/wp-json\/wp\/v2\/pages"}],"about":[{"href":"https:\/\/www.3d-skenovanie.sk\/s\/wp-json\/wp\/v2\/types\/page"}],"author":[{"embeddable":true,"href":"https:\/\/www.3d-skenovanie.sk\/s\/wp-json\/wp\/v2\/users\/7"}],"replies":[{"embeddable":true,"href":"https:\/\/www.3d-skenovanie.sk\/s\/wp-json\/wp\/v2\/comments?post=4473"}],"version-history":[{"count":4,"href":"https:\/\/www.3d-skenovanie.sk\/s\/wp-json\/wp\/v2\/pages\/4473\/revisions"}],"predecessor-version":[{"id":11644,"href":"https:\/\/www.3d-skenovanie.sk\/s\/wp-json\/wp\/v2\/pages\/4473\/revisions\/11644"}],"wp:attachment":[{"href":"https:\/\/www.3d-skenovanie.sk\/s\/wp-json\/wp\/v2\/media?parent=4473"}],"wp:term":[{"taxonomy":"filter_oblast","embeddable":true,"href":"https:\/\/www.3d-skenovanie.sk\/s\/wp-json\/wp\/v2\/filter_oblast?post=4473"},{"taxonomy":"filter_velikost_dilu","embeddable":true,"href":"https:\/\/www.3d-skenovanie.sk\/s\/wp-json\/wp\/v2\/filter_velikost_dilu?post=4473"},{"taxonomy":"filter_aplikace","embeddable":true,"href":"https:\/\/www.3d-skenovanie.sk\/s\/wp-json\/wp\/v2\/filter_aplikace?post=4473"}],"curies":[{"name":"wp","href":"https:\/\/api.w.org\/{rel}","templated":true}]}}