{"id":1638,"date":"2017-06-25T14:53:19","date_gmt":"2017-06-25T12:53:19","guid":{"rendered":"http:\/\/www.3dskenovani.cz.web7.web4ce.cz\/?page_id=1638"},"modified":"2024-07-19T08:28:44","modified_gmt":"2024-07-19T06:28:44","slug":"kontrola-kvality","status":"publish","type":"page","link":"https:\/\/www.3d-skenovanie.sk\/s\/software\/kontrola-kvality\/","title":{"rendered":"Kontrola kvality"},"content":{"rendered":"<p>Kontrola nasn\u00edman\u00fdch dat v\u016f\u010di CAD modelu, nebo jin\u00e9mu skenu<\/p>","protected":false},"excerpt":{"rendered":"<p>Kontrola nasn\u00edman\u00fdch dat v\u016f\u010di CAD modelu, nebo jin\u00e9mu skenu<\/p>","protected":false},"author":2,"featured_media":9372,"parent":115,"menu_order":1,"comment_status":"closed","ping_status":"closed","template":"page-templates\/kategorie_software-page.php","meta":{"_acf_changed":false,"footnotes":""},"filter_oblast":[],"filter_velikost_dilu":[],"filter_aplikace":[],"class_list":["post-1638","page","type-page","status-publish","has-post-thumbnail","hentry"],"acf":[],"aioseo_notices":[],"_links":{"self":[{"href":"https:\/\/www.3d-skenovanie.sk\/s\/wp-json\/wp\/v2\/pages\/1638"}],"collection":[{"href":"https:\/\/www.3d-skenovanie.sk\/s\/wp-json\/wp\/v2\/pages"}],"about":[{"href":"https:\/\/www.3d-skenovanie.sk\/s\/wp-json\/wp\/v2\/types\/page"}],"author":[{"embeddable":true,"href":"https:\/\/www.3d-skenovanie.sk\/s\/wp-json\/wp\/v2\/users\/2"}],"replies":[{"embeddable":true,"href":"https:\/\/www.3d-skenovanie.sk\/s\/wp-json\/wp\/v2\/comments?post=1638"}],"version-history":[{"count":4,"href":"https:\/\/www.3d-skenovanie.sk\/s\/wp-json\/wp\/v2\/pages\/1638\/revisions"}],"predecessor-version":[{"id":3961,"href":"https:\/\/www.3d-skenovanie.sk\/s\/wp-json\/wp\/v2\/pages\/1638\/revisions\/3961"}],"up":[{"embeddable":true,"href":"https:\/\/www.3d-skenovanie.sk\/s\/wp-json\/wp\/v2\/pages\/115"}],"wp:featuredmedia":[{"embeddable":true,"href":"https:\/\/www.3d-skenovanie.sk\/s\/wp-json\/wp\/v2\/media\/9372"}],"wp:attachment":[{"href":"https:\/\/www.3d-skenovanie.sk\/s\/wp-json\/wp\/v2\/media?parent=1638"}],"wp:term":[{"taxonomy":"filter_oblast","embeddable":true,"href":"https:\/\/www.3d-skenovanie.sk\/s\/wp-json\/wp\/v2\/filter_oblast?post=1638"},{"taxonomy":"filter_velikost_dilu","embeddable":true,"href":"https:\/\/www.3d-skenovanie.sk\/s\/wp-json\/wp\/v2\/filter_velikost_dilu?post=1638"},{"taxonomy":"filter_aplikace","embeddable":true,"href":"https:\/\/www.3d-skenovanie.sk\/s\/wp-json\/wp\/v2\/filter_aplikace?post=1638"}],"curies":[{"name":"wp","href":"https:\/\/api.w.org\/{rel}","templated":true}]}}